le of 1662?
False
Does 195 divide 42443879?
False
Is 10281964 a multiple of 29?
False
Is 20771931 a multiple of 1393?
False
Is 2693675376 a multiple of 4396?
True
Is 7 a factor of 1188598705?
True
Does 7 divide 3374744?
False
Does 1409 divide 64305351?
True
Is 1909960610 a multiple of 33?
False
Does 2 divide 32682673?
False
Is 55288384 a multiple of 49?
False
Is 3029 a factor of 90927551?
True
Is 153 a factor of 19472157?
True
Does 2383 divide 511402958?
False
Is 8 a factor of 734440?
True
Is 7 a factor of 749131144?
False
Is 55024398 a multiple of 117?
True
Is 8 a factor of 55688026?
False
Is 8 a factor of 521676756?
False
Is 103 a factor of 80630048?
True
Is 93 a factor of 18509855?
False
Is 15 a factor of 175289745?
True
Does 866 divide 1149602010?
True
Does 2336 divide 185958606?
False
Does 542 divide 2912929?
False
Is 369 a factor of 207839184?
False
Is 331 a factor of 27716593?
False
Is 983579245 a multiple of 14?
False
Does 21 divide 2721142074?
True
Is 64 a factor of 1539503658?
False
Is 34 a factor of 1196222?
True
Does 183 divide 243552687?
True
Is 11575352 a multiple of 8?
True
Is 15 a factor of 17709375?
True
Is 193282213 a multiple of 13?
False
Does 5889 divide 416558547?
False
Is 1109 a factor of 380833927?
True
Is 248600716 a multiple of 196?
True
Does 1893 divide 18842285?
False
Does 4 divide 10522524?
True
Is 1734 a factor of 142220490?
False
Is 4 a factor of 274670884?
True
Is 796538349 a multiple of 17?
True
Is 1184010387 a multiple of 7?
True
Is 159 a factor of 763792911?
True
Is 58197711 a multiple of 33?
True
Is 256 a factor of 8708654?
False
Is 356866601 a multiple of 7?
True
Is 3965786 a multiple of 178?
False
Does 914 divide 1374173408?
True
Is 89 a factor of 8781661?
False
Does 40 divide 323440680?
True
Is 8 a factor of 18812197?
False
Does 4 divide 692302324?
True
Does 2412 divide 5496948?
True
Is 6 a factor of 44098434?
True
Is 45927204 a multiple of 32?
False
Is 2349 a factor of 103024791?
True
Is 8 a factor of 1866965898?
False
Is 7068825 even?
False
Is 17 a factor of 118432124?
False
Does 84 divide 17223444?
True
Is 236 a factor of 2811633?
False
Is 3 a factor of 11983233?
True
Is 594 a factor of 159320493?
False
Is 8608448 a multiple of 64?
True
Is 703772312 a multiple of 5024?
False
Is 94 a factor of 208066400?
False
Does 681 divide 118302696?
False
Is 14 a factor of 298785788?
True
Is 216940925 a multiple of 71?
False
Is 651 a factor of 370487853?
False
Does 11 divide 2358884?
True
Does 301 divide 133776664?
False
Does 388 divide 11326414?
False
Is 86181249 a multiple of 717?
True
Is 28886550 a multiple of 308?
False
Does 281 divide 427347891?
True
Does 8 divide 6272399?
False
Is 710263308 a multiple of 2705?
False
Is 58927 a multiple of 173?
False
Does 14 divide 21504546?
True
Is 670571407 a multiple of 332?
False
Is 57 a factor of 16556448?
True
Is 1672 a factor of 1474082016?
True
Is 3185952 a multiple of 84?
True
Is 98 a factor of 15354248?
True
Is 2 a factor of 2837081?
False
Is 348 a factor of 576633991?
False
Is 268 a factor of 695745420?
True
Does 7 divide 22527085?
True
Is 83 a factor of 26569047?
True
Is 257074977 a multiple of 142?
False
Is 46296060 a multiple of 3126?
True
Is 2928 a factor of 136060432?
False
Is 49 a factor of 55508545?
False
Is 1515424033 a multiple of 41?
False
Does 63 divide 88748100?
True
Is 52 a factor of 14984372?
True
Does 235 divide 120713083?
False
Is 287 a factor of 105174174?
False
Is 185 a factor of 357511040?
False
Is 20862239 a multiple of 6138?
False
Does 49 divide 78822188?
False
Does 116 divide 19810828?
True
Is 382 a factor of 814640652?
False
Is 845 a factor of 18119335?
True
Is 6 a factor of 539879106?
True
Does 9 divide 628451975?
False
Is 8 a factor of 3548906808?
True
Is 42081534 a multiple of 24?
False
Is 36429642 a multiple of 388?
False
Is 4516 a factor of 754405057?
False
Does 3122 divide 1507467521?
False
Does 342 divide 153062780?
False
Is 784014 a multiple of 33?
True
Does 9 divide 4057219567?
False
Is 1264209854 a multiple of 212?
False
Is 12646491 a multiple of 21?
False
Is 477741174 a multiple of 17?
True
Is 16 a factor of 329997779?
False
Is 35 a factor of 98264740?
True
Does 163 divide 363502388?
True
Does 47 divide 11944441?
False
Is 37 a factor of 117059712?
True
Does 76 divide 35689676?
True
Does 11 divide 459781080?
True
Is 10 a factor of 221479400?
True
Does 15 divide 2557947004?
False
Is 326151187 a multiple of 29?
False
Does 495 divide 344008170?
True
Does 116 divide 119248116?
True
Is 567030737 a multiple of 19?
True
Is 675 a factor of 244564876?
False
Is 46974762 a multiple of 1503?
True
Is 26 a factor of 113329866?
True
Is 113 a factor of 285854008?
False
Is 2816 a factor of 3450948661?
False
Does 401 divide 8687264?
True
Does 3 divide 10344710?
False
Is 40 a factor of 686304560?
True
Does 2155 divide 26129375?
True
Is 7483564 a multiple of 44?
True
Is 618 a factor of 269648850?
True
Is 13641092 a multiple of 94?
True
Is 19 a factor of 2556376544?
False
Is 8950 a factor of 251530800?
True
Does 40 divide 1431200?
True
Is 40654096 a multiple of 1539?
False
Does 47 divide 306552706?
True
Does 863 divide 107373597?
True
Is 723587112 a multiple of 18?
True
Is 132477384 a multiple of 12?
True
Is 1453 a factor of 208819348?
True
Is 47 a factor of 26541699?
True
Does 348 divide 77376060?
True
Does 9612 divide 2021605452?
True
Is 3 a factor of 483227?
False
Does 13 divide 676869088?
False
Is 822 a factor of 20512150?
False
Is 375 a factor of 242400000?
True
Is 38999164 a multiple of 194?
False
Is 203221593 a multiple of 360?
False
Is 11 a factor of 17953353?
True
Does 7 divide 63419594?
True
Is 3157 a factor of 1260113393?
True
Does 532 divide 38243352?
True
Is 26 a factor of 54423746?
True
Is 47101342 a multiple of 13?
False
Does 15 divide 16705140?
True
Is 205853925 a multiple of 6?
False
Is 220 a factor of 7300920?
True
Is 72837241 a multiple of 16?
False
Is 300274225 a multiple of 3?
False
Is 421856770 a multiple of 34?
False
Is 526 a factor of 4776606?
True
Does 4998 divide 655002894?
True
Does 3891 divide 2504675610?
True
Does 4 divide 93800448?
True
Does 150 divide 809716502?
False
Is 9316346 even?
True
Is 2166608972 a multiple of 244?
False
Does 92 divide 105942632?
False
Does 5 divide 629300?
True
Does 41 divide 434229319?
True
Does 15 divide 260021850?
True
Is 25 a factor of 626494825?
True
Is 95801188 a multiple of 119?
True
Is 221443972 a multiple of 4?
True
Is 83667334 a multiple of 334?
True
Is 192159636 a multiple of 545?
False
Is 1056538658 a multiple of 6126?
False
Is 414 a factor of 134228736?
True
Is 2454 a factor of 2082727533?
False
Is 157 a factor of 37054644?
False
Is 97330080 a multiple of 1266?
True
Is 83904171 a multiple of 597?
True
Is 422243204 a multiple of 5?
False
Is 4 a factor of 6066258?
False
Is 3798578735 a multiple of 245?
True
Is 350 a factor of 287062312?
False
Does 291 divide 1683435?
True
Is 14 a factor of 35319816?
True
Does 55 divide 7409797?
False
Is 4 a factor of 688575862?
False
Does 598 divide 236387102?
False
Is 2030 a factor of 421764980?
True
Is 1882 a factor of 1102344?
False
Is 9039065 a multiple of 287?
True
Is 52 a factor of 206317488?
True
Is 532219883 a multiple of 79?
False
Is 167392551 a multiple of 2553?
True
Is 415 a factor of 248550555?
True
Is 225 a factor of 45924300?
True
Does 194 divide 31984711?
False
Is 3143050011 a multiple of 10?
False
Does 4988 divide 3038790516?
False
Does 101 divide 554761843?
False
Does 24 divide 32605073?
False
Is 812866380 a multiple of 20?
True
Is 103985348 a multiple of 2084?
True
Is 72 a factor of 42055272?
True
Does 22 divide 698338454?
True
Is 143048880 a multiple of 930?
True
Is 192 a factor of 210412292?
False
Is 985 a factor of 845987935?
True
Is 172026624 a multiple of 28?
True
Is 61 a factor of 238035073?
False
Is 25 a factor of 224630044?
False
Does 50 divide 1860247100?
True
Is 830913315 a multiple of 107?
True
Does 299 divide 42713944?
True
Is 374605922 a multiple of 150?
False
Is 16735461 a multiple of 139?
True
Is 79528134 a multiple of 40?
False
Does 260 divide 405717000?
True
Is 25380172 a multiple of 4?
True
Is 7 a factor of 177519048?
True
Is 5149778 a multiple of 44?
False
Is 1123358747 a multiple of 455?
False
Is 234 a factor of 29